er when w is divided by 82?
81
Let h(q) = -q**2 + 14*q - 5. What is the remainder when 129 is divided by h(7)?
41
Let i = -3 + 1. What is the remainder when i/9 + 5243/63 is divided by (-2 - 2) + 24 - -1?
20
Suppose -8*u + 65 = -71. Calculate the remainder when 38 is divided by u.
4
Let q(g) be the third derivative of g**4/4 - 4*g**3/3 + 6*g**2. Let k(a) = a - 1. Let h(s) = -2*k(s) + q(s). What is the remainder when 71 is divided by h(6)?
17
Let d = -435 - -470. Calculate the remainder when 74 is divided by d.
4
Suppose 5*q - 1365 = -3*u, 5*u + 2*q = 4*q + 2275. Let g(k) = 2*k**2 + 9*k + 14. Let w be g(-4). What is the remainder when ((-8)/w)/((-26)/u) is divided by 8?
6
Let d(b) = -b**2 + 7*b - 4 + 0*b + 3*b. Suppose 3*m = -2*m + 45. Calculate the remainder when 7 is divided by d(m).
2
Let c(v) = -v**3 - v**2 + 4*v - 4. Let t be c(3). Let f = 49 + t. Calculate the remainder when 60 is divided by f.
18
Let h be 2 + (-3)/(-3) - 8/(-8). Suppose -263 = -3*m + y + h*y, -180 = -2*m + y. Calculate the remainder when m is divided by 31.
29
Suppose 4*p = o - 57, 5*o + 5*p - 237 = p. Calculate the remainder when 144 is divided by o.
46
Let i(r) = -r**2 - 8*r + 5. Let h be i(-8). Suppose h*o = -2 - 3. Let k = 20 + o. What is the remainder when 55 is divided by k?
17
Let h(d) = -d**2 - 38*d + 60. What is the remainder when h(-15) is divided by 29?
28
Suppose 2*w - 87 = 59. Calculate the remainder when w is divided by (-39)/6*(-1 + -3).
21
Suppose l + 1 = 6. Let h be ((-4)/l)/((-3)/15). Let t(i) = -i**2 + 6*i - 1. Calculate the remainder when 11 is divided by t(h).
4
Let v(y) = 2*y + 110. Calculate the remainder when 1214 is divided by v(-17).
74
Let x(m) = 3*m**2 - 2*m + 1. Let t be x(1). Suppose 4*a - 12 = -6*b + t*b, 0 = -3*b + 5*a - 7. What is the remainder when ((-4)/(-8))/(b/24) is divided by 5?
2
Let q(t) = -t**3 + 5*t**2 + 6*t + 6. Let s be q(6). Calculate the remainder when 4 is divided by 1/1 + s + -3.
0
Let t(p) = p**3 + 5*p**2 + p + 1. Let d be t(-4). Let z = 9 + d. What is the remainder when z is divided by 6?
4
Suppose -39 - 12 = -3*p. Let f = -4 + p. Calculate the remainder when 21 is divided by f.
8
Suppose -2*f + 10 = -0. Let r be (12/14)/((-20)/(-140)). Suppose -141 + r = -f*u. Calculate the remainder when u is divided by 15.
12
Suppose -105 = -4*f - 5*m, 0 = -3*f - 2*m + 4*m + 50. Suppose f*b - 6 = 19*b. What is the remainder when 28 is divided by b?
4
Let z(h) = 27*h + 232. Calculate the remainder when z(-4) is divided by 66.
58
Let j = 51 + -35. Suppose -4*s + j = -20. Calculate the remainder when s is divided by 7.
2
Suppose -3*y = 9 + 3. Let q be ((-6)/9)/(y/30). Suppose 0*x + 4*x = -b + 1, 4*b - q*x = 46. Calculate the remainder when b is divided by 3.
0
What is the remainder when (4/18)/(2/(-3))*-330 is divided by 14?
12
Let v(g) = -2*g**2 + 28*g + 9. Calculate the remainder when v(12) is divided by 36.
21
Let a(p) = -61*p - 132. Calculate the remainder when a(-3) is divided by (1 - 0)/((-2)/(-18)).
6
Let l be (-1)/(-3) - (-686)/(-42). Let i = l - -18. Suppose i*q + 0*q = 4*w + 28, 0 = -3*w + 15. What is the remainder when q is divided by 13?
11
Let o = -31 - -51. What is the remainder when o is divided by 6/204*-4 - 378/(-34)?
9
Let q = -854 + 877. Calculate the remainder when 295 is divided by q.
19
Suppose 22*a + 135 = 1235. Calculate the remainder when 155 is divided by a.
5
Suppose -4*v + 37 = 13. Suppose -4*z - 2*h = -h - 34, -v = -2*z + 5*h. Calculate the remainder when 15 is divided by z.
7
Let n(z) = -4*z - 1. Let w be n(-11). Suppose 2*u = -4*p + 6, 10 - w = -3*u + 2*p. What is the remainder when 9/24*-2*-20 is divided by u?
6
What is the remainder when 95 is divided by 546/27 - ((-56)/63)/(-4)?
15
What is the remainder when (51 - (0 - -1))*(-7 + 8) is divided by 34?
16
Let t(o) = o**3 - 5*o**2 + 6*o - 8. Let z be t(4). Suppose -7*h + 112 = -z*h. What is the remainder when 61 is divided by h?
13
Suppose 0 = 2*c - 6*c + 32. Let f = 24 - 12. Calculate the remainder when f is divided by c.
4
Suppose -440 = 23*i - 133*i. Suppose -c - 3*a = 4, -7*c + 3*c - a + 6 = 0. What is the remainder when i is divided by c?
0
Suppose 6*q = 6 - 90. Let g = -3 - -5. What is the remainder when 55 is divided by (-4 - q)/(g/3)?
10
Suppose 3*j = 4*z - 197, 2*z - 20*j = -21*j + 91. Calculate the remainder when 231 is divided by z.
43
Suppose -n - 34 = -3*y + n, -5*y + 42 = 4*n. Suppose -268 - 53 = -3*v. Calculate the remainder when v is divided by y.
7
Let u = -556 + 565. Suppose 2*o = 3*g - 234, -84 + 330 = 3*g + 2*o. Calculate the remainder when g is divided by u.
8
Let i(a) = -a + 6. Let l = 6 - 1. Let z be i(l). What is the remainder when (z + 6)/((-7)/(-7)) is divided by 5?
2
What is the remainder when 47 is divided by 34/1 - 8*(-25)/(-40)?
18
Suppose 0 = 3*j - a - 31, -a + 12 = 5*j - 53. Suppose 19 = c - 25. What is the remainder when c is divided by j?
8
Suppose -4*v = 0, -26*v = 3*u - 21*v - 1110. What is the remainder when u is divided by 15?
10
Let o = 19 - 8. Calculate the remainder when 124/6 - (-4)/(-6) is divided by o.
9
Suppose 6*k = 8*k - 58. What is the remainder when 199 is divided by k?
25
Suppose -z = 4*z - 20. Let g be (-20)/(-8)*z/5. Suppose -g*h = -3*h + 39. What is the remainder when h is divided by 10?
9
Suppose -3*k + 4 + 32 = 0. Let g be (-6)/4 + 3/(-6). Calculate the remainder when g + (-20)/(-5) - (-33 - 0) is divided by k.
11
Let j be (-320)/18 - (33/27 - 1). Suppose 0 = -4*m + 9 + 91. Let p = j + m. Calculate the remainder when p is divided by 3.
1
Let x = -14 + 31. Suppose -3*d + 10 + 188 = 0. What is the remainder when d is divided by x?
15
Let m(l) = l**2 + 8*l + 9. Let u be m(-7). Suppose -3*c - u*y + 84 = -0*c, -3*c + 4*y + 102 = 0. What is the remainder when c is divided by 6 - -1 - (9 + -10)?
6
Let p = -10 - -6. Calculate the remainder when 59 is divided by p - (-4 + -23 - -3).
19
Suppose -201 + 164 = -r. What is the remainder when 146 is divided by r?
35
Let i = 94 + -46. Let k(u) = -u + 38. Let n be k(14). Calculate the remainder when (18/n)/(2/i) is divided by 7.
4
Let m(y) = -y**3 + 11*y**2 - 27*y + 26. What is the remainder when 127 is divided by m(7)?
28
Suppose 11*r - 160 - 71 = 0. What is the remainder when (-2)/(-6)*-73*-6 is divided by r?
20
Let k be 9/(-6)*(-344)/6. Let m = -69 + k. Calculate the remainder when 99 is divided by m.
14
Suppose 28*v = 27*v. Suppose 1 = z - 4*s, -s = -v*s - 5. Suppose -z*g + 20 = -16*g. Calculate the remainder when 13 is divided by g.
1
Let o = -88 + 90. Let s(q) = 7*q**2 + 3*q - 5. Calculate the remainder when s(o) is divided by 8.
5
Let j = 1524 - 1158. Calculate the remainder when j is divided by 96.
78
Let c(x) = -351*x - 148. What is the remainder when c(-1) is divided by 45?
23
What is the remainder when (-1 - -8 - -1239) + (-25)/5 is divided by 54?
53
Let a = 12 - -133. What is the remainder when a is divided by 7?
5
Suppose 3*q - 117 = 2*m, 10*q - 102 = 7*q - 3*m. Calculate the remainder when 72 is divided by q.
35
Suppose 6*h = -21 - 39. Let a = h + 59. Calculate the remainder when a is divided by 14.
7
Suppose -3*l - 5*v + 8*v + 36 = 0, -4*v + 16 = 4*l. Calculate the remainder when 844 is divided by l.
4
Let n = 24 - 22. Suppose n*t - 2 = 0, -2*w - 4*t + 23 = -7*t. Calculate the remainder when 47 is divided by w.
8
Calculate the remainder when 300 is divided by 42/8*(-152)/(-114).
6
Suppose -162 = -4*s - 5*s. Let k = s + 8. What is the remainder when k is divided by 6?
2
Suppose 4*p + 35 + 53 = 0. Let v = 36 + p. Calculate the remainder when v is divided by 5.
4
Let j(b) = -4*b - 10. Let d(n) = 2*n - 10 + 3 - n + 0*n. Let l be d(0). What is the remainder when 105 is divided by j(l)?
15
Calculate the remainder when 317 is divided by 80/6*(-48)/(-10).
61
What is the remainder when 269 is divided by 672/(-1176)*469/(-2)?
1
Let c(f) = -17*f - 31. Let d be c(-10). Suppose 0 = z + 2*z - 2*w - d, 2*w + 53 = z. What is the remainder when z is divided by 22?
21
Let t(x) = 2*x**2 - 17*x + 4. Let o(j) = j**2 - 7*j + 2. Let f(w) = 5*o(w) - 2*t(w). Let u = 0 + 0. Calculate the remainder when f(u) is divided by 1.
0
Let l(j) be the third derivative of -1/3*j**3 + 0 + 1/60*j**5 - 5/24*j**4 + 3*j**2 + 0*j. What is the remainder when l(7) is divided by 7?
5
Suppose 9*w